vided by j?
12
Let q(i) = i**3 - 21*i**2 + 40*i - 13. Calculate the remainder when ((-4)/6)/(2/(-216)) is divided by q(19).
22
Suppose 3*b = -5*c - 22, -5*b + c = -5 - 5. Calculate the remainder when (b + 10/6)*(-66)/(-4) is divided by 15.
14
Suppose o = -3*q + 123, -6*o + 5*o + 115 = 5*q. Calculate the remainder when o is divided by 21.
9
Suppose -5*a + 662 + 8 = 0. Let w = a + -124. What is the remainder when 99 is divided by w?
9
Suppose -8 = -3*l - 11, 0 = -2*n - l + 89. Calculate the remainder when 314 is divided by n.
44
Suppose 0 = -3*t + 39. Suppose 0 = -v - 5*r + t + 4, 2*v - 12 = r. Calculate the remainder when 17 is divided by v.
3
Let h(w) = -w**2 + 2*w + 4. Let y be h(-4). Let a = 7 + y. Let t = 16 + a. What is the remainder when t is divided by 1?
0
Suppose -4*t - 4*z + 44 = 0, 0 = t + 4*z - 3 - 5. What is the remainder when 78 is divided by t?
6
Suppose 13*q + 1210 = 68*q. Let b = 14 - 6. What is the remainder when q is divided by b?
6
Let j(b) = -b + 27. Suppose -50 = -4*k - k. Suppose -10 = -2*h + 10. What is the remainder when j(k) is divided by h?
7
Let l(v) = v**3 - 11*v**2 - 59*v - 5. What is the remainder when 15 is divided by l(15)?
5
Suppose -4*f + 105 = -2*v - 101, 0 = -v + 5. What is the remainder when f is divided by (-13 - 1)/(8/40*-5)?
12
Let h = -1828 + 1835. What is the remainder when -8*1/(-3)*3 is divided by h?
1
Let g(x) = x + 24. Calculate the remainder when 813 is divided by g(-7).
14
Suppose 147 = 5*i - 228. Suppose -3*r + i = -f + 2*f, -3*r = 5*f - 75. What is the remainder when 146/(-4)*(-2)/1 is divided by r?
23
Let h(y) = -y + 6. Let m be h(4). Let z = 0 + m. Calculate the remainder when 7 is divided by z.
1
Suppose 3*w - 2*s - 85 = 0, -17 = 4*s + 3. Let d = -163 - -172. What is the remainder when w is divided by d?
7
Let v = 11 + -29. Let u = -4 - v. Calculate the remainder when 25 is divided by u.
11
Suppose -40 = 4*w - 3*s, -3*w - 7*s - 5 = -3*s. Let a(u) = u**3 + 6*u**2 - 9*u - 10. Calculate the remainder when 274/30 - 28/210 is divided by a(w).
1
What is the remainder when 41 is divided by (33/9)/(2/18)?
8
Let c be 2 + (99 + 0 - (-1)/(-1)). Suppose 5*y + 19 - 59 = -h, 5*h - c = -5*y. What is the remainder when h is divided by 7?
1
Suppose -17*y = 7*y - 1032. Suppose 5 = -0*u + 5*u, 0 = 2*q + u - 77. Suppose q + y = 3*m. What is the remainder when m is divided by 15?
12
Let j(k) = -k - 16. Let t be j(4). Let f = t - -71. What is the remainder when 202 is divided by f?
49
Let c(n) = n**3 + 15*n**2 - 15*n + 19. Let y be c(-16). Let l be y - (-1)/(1/(-47)). Let x = -35 - l. Calculate the remainder when 16 is divided by x.
7
Let y = 24 - 6. Let r(c) = c**2 - 3*c + 1. Let a be r(4). Suppose -a*d = -186 - 164. Calculate the remainder when d is divided by y.
16
Let l(j) = 54*j**2 + j - 2. What is the remainder when 199 is divided by l(-1)?
46
Let p = 38 - 36. Suppose 177 = -p*y + 5*y. Calculate the remainder when y is divided by 12.
11
Let h(a) = -6*a + 24*a - 13*a. Let k be h(1). Suppose 112 = k*q + v - 228, -4*v - 365 = -5*q. Calculate the remainder when q is divided by 18.
15
Suppose p - t - 1 = 0, p + 0*p - 13 = -5*t. Suppose 0 = o - 36 + p. What is the remainder when o is divided by (-2 + 14)*(0 - -1)?
9
Let c be 1/(-1)*(0 + -9). Let o = 1 - c. Let l(d) = d**2 + 6*d - 11. What is the remainder when 8 is divided by l(o)?
3
Let k(m) = -m**3 + 14*m**2 - 14*m + 34. Let r(z) = z**2 - 2*z + 6. What is the remainder when k(13) is divided by r(0)?
3
What is the remainder when ((-24)/(-5))/(51/850) is divided by 41?
39
Let w(s) = 5*s**3 - 2*s**3 - 7*s + 11 - 2*s**2 + 3*s - 6. What is the remainder when 42 is divided by w(2)?
3
Let y(a) = a**3 + 6*a**2 - 14*a - 7. Calculate the remainder when 115 is divided by y(-7).
31
Let x(g) = -g**2 - 14*g - 2. Calculate the remainder when 183 is divided by x(-8).
45
Let r(d) = -d**2 - 10*d - 5. Let n be r(-9). Suppose 299 = 4*t - 4*y - 405, y + 698 = n*t. Calculate the remainder when t is divided by 25.
24
Suppose -5*w = -5*l + 170, 11 = 4*l - w - 140. Let t = 4 - 4. Suppose t*z - 3*z = -l. Calculate the remainder when z is divided by 7.
6
Suppose 87 = 3*o - o - 3*y, 4*o - 154 = 2*y. Calculate the remainder when 131 is divided by o.
23
Let s(z) = -4*z - 20. Calculate the remainder when s(-9) is divided by 13.
3
Let q = -2126 - -2225. What is the remainder when 371 is divided by q?
74
Let z = 48 + -68. Let f be ((-10)/25)/((-2)/z). Calculate the remainder when 3 is divided by ((-16)/12)/(f/6).
1
Calculate the remainder when ((-57)/(-95))/(3/285) is divided by 15.
12
Suppose 24*c - 198 = -3*z + 27*c, 3*c = -z + 58. Calculate the remainder when 126 is divided by z.
62
Let b(q) = -16*q - 4. Let k be b(3). Let a be k/(-26)*2*-62. Let f = -173 - a. Calculate the remainder when f is divided by 13.
10
Let b = 360 + -349. Calculate the remainder when 30 is divided by b.
8
Suppose 4*a - 294 = -2*a. Suppose 2*h + 2*h = -5*z - 126, -2*h - 4*z = 66. Let x = -16 - h. Calculate the remainder when a is divided by x.
10
Suppose 37*p - 2163 = 834. What is the remainder when 725 is divided by p?
77
Suppose 0 = 55*n - 57*n + 370. Calculate the remainder when n is divided by 31.
30
Suppose -135 = -11*f + 2*f. Let v = 41 + f. Let u(s) = s**2 - 8*s + 6. What is the remainder when v is divided by u(9)?
11
Let o = -23 - -26. Let p(l) = l**2 + 12*l + 9. Let y be p(-13). Suppose -h + 6 = j, 0 = -2*h + 3*j + 5 + y. Calculate the remainder when h is divided by o.
0
Let f = 63 - 25. Let o = 77 - f. What is the remainder when 155 is divided by o?
38
Let n(v) = -3*v. Let j(m) = -3*m**3 - m**2 - m - 1. Let g be j(-1). Let i be n(g). Calculate the remainder when 29 is divided by (-1002)/(-66) - i/(-33).
14
Let t(r) = 6*r**2 + 4*r + 3 + 3*r - 4*r. Suppose h + 8 = -5*b, -2*b - 5*h = 4 - 10. What is the remainder when 59 is divided by t(b)?
17
Let f be 12 - ((-20)/4)/5. Let z = 18 - f. Calculate the remainder when 13 is divided by z.
3
Calculate the remainder when (-13920)/(-90) - (-1)/3*1 is divided by 47.
14
Suppose c + 3*o - 3 = 0, 3*o - 3 = -4*c - 0. Suppose c = 4*r + 20 - 96. What is the remainder when r is divided by 17?
2
Let i = 120 + -108. What is the remainder when 59 is divided by i?
11
Suppose 2*i - 3*k - 17 = -0*i, 5*i + 4*k = 8. Suppose -17 = -3*u + 2*x, -x - 19 = -i*u + 12. Let t = 94 - 68. What is the remainder when t is divided by u?
8
What is the remainder when 888 is divided by ((-18)/(-12))/(12/712)?
87
Suppose 0 = 13*x + 41*x - 810. What is the remainder when 102 is divided by x?
12
Let h = 57 - 32. Suppose 0 = 3*k + 1 - 7. Suppose 0 = k*w - 99 - 45. What is the remainder when w is divided by h?
22
Let r = -28 + 40. Suppose 3*h = -0*z - 4*z + 36, -h + z = -r. What is the remainder when 34 is divided by h?
10
Suppose -3*i = -5*d + 52, 45*i + 14 = d + 48*i. What is the remainder when 119 is divided by d?
9
Let m(q) = q**2 + 4*q - 2. What is the remainder when m(5) is divided by -1 + 6 + (9 + -2 - -3)?
13
Let i = -2644 + 2932. Calculate the remainder when i is divided by 30.
18
Suppose 2*b = -0*b + 8. Let s be (97 - 25) + (-1 - -2). Suppose -5*g - 2*l = -s, l = b*g - 3*l - 36. Calculate the remainder when 36 is divided by g.
10
Let o be (-42)/(-6) - (-2 + 5). Let x(g) be the third derivative of g**5/60 - g**4/24 - 5*g**3/6 + 7*g**2. Calculate the remainder when 20 is divided by x(o).
6
Suppose 4*z + 120 = 12*z. Let c(n) = -n**2 - n. Let l be c(0). Suppose 0 = 5*f - l*f - 30. What is the remainder when z is divided by f?
3
Let i = 663 - 660. Let m be (1 + 0)*1 + -1. Suppose h - 3 + 0 = m. What is the remainder when i is divided by h?
0
What is the remainder when 179 is divided by -3 + ((-785)/(-10) - (-3)/(-2))?
31
Suppose 3*h - 16 = 4*k, 5 + 11 = -4*k - 4*h. Let i be -2 - (-9 + -1)/(-2). Let b = k - i. What is the remainder when 11 is divided by b?
2
Let u(j) = -19*j**3 - 2*j**2 + 2. Calculate the remainder when u(-2) is divided by 22.
14
Let j(f) = 167*f - 7. Calculate the remainder when j(1) is divided by 33.
28
Let l(t) = -t**3 - 3*t**2 - 6*t - 5. Let g = 8 - 4. Calculate the remainder when g is divided by l(-2).
1
Suppose -4*f + 3*p = -p - 28, -4*f = 3*p - 7. Suppose 12 = 4*n, 3*j - 5*n - f = 5. Calculate the remainder when 21 is divided by j.
5
Suppose -5*q - 647 = -2*z, 2*z + 130 